{"id":715,"date":"2024-08-30T15:35:05","date_gmt":"2024-08-30T15:35:05","guid":{"rendered":"https:\/\/casaerika.com.ar\/?post_type=product&#038;p=715"},"modified":"2024-08-30T15:43:03","modified_gmt":"2024-08-30T15:43:03","slug":"boligrafo-stick-1-0-stick-x-10u-surt","status":"publish","type":"product","link":"https:\/\/casaerika.com.ar\/index.php\/producto\/boligrafo-stick-1-0-stick-x-10u-surt\/","title":{"rendered":"Bol\u00edgrafo stick 1.0 stick x 10u surt"},"content":{"rendered":"<ul>\n<li>Trazo medio 1.0mm<\/li>\n<li>Cuerpo hexagonal<\/li>\n<li>Tinta suave a base de aceite<\/li>\n<li>Grip ergon\u00f3mico<\/li>\n<li>Capuch\u00f3n ventilado antiahogo<\/li>\n<li>Punta met\u00e1lica de tungsteno<\/li>\n<li>Escritura confortable<\/li>\n<\/ul>\n","protected":false},"excerpt":{"rendered":"<p>Trazo medio 1.0mm Cuerpo hexagonal Tinta suave a base de aceite Grip ergon\u00f3mico Capuch\u00f3n ventilado antiahogo Punta met\u00e1lica de tungsteno Escritura confortable<\/p>\n","protected":false},"featured_media":716,"comment_status":"open","ping_status":"closed","template":"","meta":[],"product_brand":[],"product_cat":[32],"product_tag":[17],"class_list":{"0":"post-715","1":"product","2":"type-product","3":"status-publish","4":"has-post-thumbnail","6":"product_cat-boligrafo","7":"product_tag-filgo","9":"first","10":"instock","11":"shipping-taxable","12":"product-type-simple"},"yoast_head":"<!-- This site is optimized with the Yoast SEO plugin v27.3 - https:\/\/yoast.com\/product\/yoast-seo-wordpress\/ -->\n<title>Bol\u00edgrafo stick 1.0 stick x 10u surt - Casa Erika<\/title>\n<meta name=\"robots\" content=\"index, follow, max-snippet:-1, max-image-preview:large, max-video-preview:-1\" \/>\n<link rel=\"canonical\" href=\"https:\/\/casaerika.com.ar\/index.php\/producto\/boligrafo-stick-1-0-stick-x-10u-surt\/\" \/>\n<meta property=\"og:locale\" content=\"es_ES\" \/>\n<meta property=\"og:type\" content=\"article\" \/>\n<meta property=\"og:title\" content=\"Bol\u00edgrafo stick 1.0 stick x 10u surt - Casa Erika\" \/>\n<meta property=\"og:description\" content=\"Trazo medio 1.0mm Cuerpo hexagonal Tinta suave a base de aceite Grip ergon\u00f3mico Capuch\u00f3n ventilado antiahogo Punta met\u00e1lica de tungsteno Escritura confortable\" \/>\n<meta property=\"og:url\" content=\"https:\/\/casaerika.com.ar\/index.php\/producto\/boligrafo-stick-1-0-stick-x-10u-surt\/\" \/>\n<meta property=\"og:site_name\" content=\"Casa Erika\" \/>\n<meta property=\"article:modified_time\" content=\"2024-08-30T15:43:03+00:00\" \/>\n<meta property=\"og:image\" content=\"https:\/\/casaerika.com.ar\/wp-content\/uploads\/2024\/08\/boligrafo-stick-filgo-10u-surtido.png\" \/>\n\t<meta property=\"og:image:width\" content=\"595\" \/>\n\t<meta property=\"og:image:height\" content=\"595\" \/>\n\t<meta property=\"og:image:type\" content=\"image\/png\" \/>\n<meta name=\"twitter:card\" content=\"summary_large_image\" \/>\n<meta name=\"twitter:label1\" content=\"Tiempo de lectura\" \/>\n\t<meta name=\"twitter:data1\" content=\"1 minuto\" \/>\n<script type=\"application\/ld+json\" class=\"yoast-schema-graph\">{\"@context\":\"https:\\\/\\\/schema.org\",\"@graph\":[{\"@type\":\"WebPage\",\"@id\":\"https:\\\/\\\/casaerika.com.ar\\\/index.php\\\/producto\\\/boligrafo-stick-1-0-stick-x-10u-surt\\\/\",\"url\":\"https:\\\/\\\/casaerika.com.ar\\\/index.php\\\/producto\\\/boligrafo-stick-1-0-stick-x-10u-surt\\\/\",\"name\":\"Bol\u00edgrafo stick 1.0 stick x 10u surt - Casa Erika\",\"isPartOf\":{\"@id\":\"https:\\\/\\\/casaerika.com.ar\\\/#website\"},\"primaryImageOfPage\":{\"@id\":\"https:\\\/\\\/casaerika.com.ar\\\/index.php\\\/producto\\\/boligrafo-stick-1-0-stick-x-10u-surt\\\/#primaryimage\"},\"image\":{\"@id\":\"https:\\\/\\\/casaerika.com.ar\\\/index.php\\\/producto\\\/boligrafo-stick-1-0-stick-x-10u-surt\\\/#primaryimage\"},\"thumbnailUrl\":\"https:\\\/\\\/casaerika.com.ar\\\/wp-content\\\/uploads\\\/2024\\\/08\\\/boligrafo-stick-filgo-10u-surtido.png\",\"datePublished\":\"2024-08-30T15:35:05+00:00\",\"dateModified\":\"2024-08-30T15:43:03+00:00\",\"breadcrumb\":{\"@id\":\"https:\\\/\\\/casaerika.com.ar\\\/index.php\\\/producto\\\/boligrafo-stick-1-0-stick-x-10u-surt\\\/#breadcrumb\"},\"inLanguage\":\"es\",\"potentialAction\":[{\"@type\":\"ReadAction\",\"target\":[\"https:\\\/\\\/casaerika.com.ar\\\/index.php\\\/producto\\\/boligrafo-stick-1-0-stick-x-10u-surt\\\/\"]}]},{\"@type\":\"ImageObject\",\"inLanguage\":\"es\",\"@id\":\"https:\\\/\\\/casaerika.com.ar\\\/index.php\\\/producto\\\/boligrafo-stick-1-0-stick-x-10u-surt\\\/#primaryimage\",\"url\":\"https:\\\/\\\/casaerika.com.ar\\\/wp-content\\\/uploads\\\/2024\\\/08\\\/boligrafo-stick-filgo-10u-surtido.png\",\"contentUrl\":\"https:\\\/\\\/casaerika.com.ar\\\/wp-content\\\/uploads\\\/2024\\\/08\\\/boligrafo-stick-filgo-10u-surtido.png\",\"width\":595,\"height\":595},{\"@type\":\"BreadcrumbList\",\"@id\":\"https:\\\/\\\/casaerika.com.ar\\\/index.php\\\/producto\\\/boligrafo-stick-1-0-stick-x-10u-surt\\\/#breadcrumb\",\"itemListElement\":[{\"@type\":\"ListItem\",\"position\":1,\"name\":\"Portada\",\"item\":\"https:\\\/\\\/casaerika.com.ar\\\/\"},{\"@type\":\"ListItem\",\"position\":2,\"name\":\"Tienda\",\"item\":\"https:\\\/\\\/casaerika.com.ar\\\/?page_id=9\"},{\"@type\":\"ListItem\",\"position\":3,\"name\":\"Bol\u00edgrafo stick 1.0 stick x 10u surt\"}]},{\"@type\":\"WebSite\",\"@id\":\"https:\\\/\\\/casaerika.com.ar\\\/#website\",\"url\":\"https:\\\/\\\/casaerika.com.ar\\\/\",\"name\":\"Casa Erika\",\"description\":\"\",\"potentialAction\":[{\"@type\":\"SearchAction\",\"target\":{\"@type\":\"EntryPoint\",\"urlTemplate\":\"https:\\\/\\\/casaerika.com.ar\\\/?s={search_term_string}\"},\"query-input\":{\"@type\":\"PropertyValueSpecification\",\"valueRequired\":true,\"valueName\":\"search_term_string\"}}],\"inLanguage\":\"es\"}]}<\/script>\n<!-- \/ Yoast SEO plugin. -->","yoast_head_json":{"title":"Bol\u00edgrafo stick 1.0 stick x 10u surt - Casa Erika","robots":{"index":"index","follow":"follow","max-snippet":"max-snippet:-1","max-image-preview":"max-image-preview:large","max-video-preview":"max-video-preview:-1"},"canonical":"https:\/\/casaerika.com.ar\/index.php\/producto\/boligrafo-stick-1-0-stick-x-10u-surt\/","og_locale":"es_ES","og_type":"article","og_title":"Bol\u00edgrafo stick 1.0 stick x 10u surt - Casa Erika","og_description":"Trazo medio 1.0mm Cuerpo hexagonal Tinta suave a base de aceite Grip ergon\u00f3mico Capuch\u00f3n ventilado antiahogo Punta met\u00e1lica de tungsteno Escritura confortable","og_url":"https:\/\/casaerika.com.ar\/index.php\/producto\/boligrafo-stick-1-0-stick-x-10u-surt\/","og_site_name":"Casa Erika","article_modified_time":"2024-08-30T15:43:03+00:00","og_image":[{"width":595,"height":595,"url":"https:\/\/casaerika.com.ar\/wp-content\/uploads\/2024\/08\/boligrafo-stick-filgo-10u-surtido.png","type":"image\/png"}],"twitter_card":"summary_large_image","twitter_misc":{"Tiempo de lectura":"1 minuto"},"schema":{"@context":"https:\/\/schema.org","@graph":[{"@type":"WebPage","@id":"https:\/\/casaerika.com.ar\/index.php\/producto\/boligrafo-stick-1-0-stick-x-10u-surt\/","url":"https:\/\/casaerika.com.ar\/index.php\/producto\/boligrafo-stick-1-0-stick-x-10u-surt\/","name":"Bol\u00edgrafo stick 1.0 stick x 10u surt - Casa Erika","isPartOf":{"@id":"https:\/\/casaerika.com.ar\/#website"},"primaryImageOfPage":{"@id":"https:\/\/casaerika.com.ar\/index.php\/producto\/boligrafo-stick-1-0-stick-x-10u-surt\/#primaryimage"},"image":{"@id":"https:\/\/casaerika.com.ar\/index.php\/producto\/boligrafo-stick-1-0-stick-x-10u-surt\/#primaryimage"},"thumbnailUrl":"https:\/\/casaerika.com.ar\/wp-content\/uploads\/2024\/08\/boligrafo-stick-filgo-10u-surtido.png","datePublished":"2024-08-30T15:35:05+00:00","dateModified":"2024-08-30T15:43:03+00:00","breadcrumb":{"@id":"https:\/\/casaerika.com.ar\/index.php\/producto\/boligrafo-stick-1-0-stick-x-10u-surt\/#breadcrumb"},"inLanguage":"es","potentialAction":[{"@type":"ReadAction","target":["https:\/\/casaerika.com.ar\/index.php\/producto\/boligrafo-stick-1-0-stick-x-10u-surt\/"]}]},{"@type":"ImageObject","inLanguage":"es","@id":"https:\/\/casaerika.com.ar\/index.php\/producto\/boligrafo-stick-1-0-stick-x-10u-surt\/#primaryimage","url":"https:\/\/casaerika.com.ar\/wp-content\/uploads\/2024\/08\/boligrafo-stick-filgo-10u-surtido.png","contentUrl":"https:\/\/casaerika.com.ar\/wp-content\/uploads\/2024\/08\/boligrafo-stick-filgo-10u-surtido.png","width":595,"height":595},{"@type":"BreadcrumbList","@id":"https:\/\/casaerika.com.ar\/index.php\/producto\/boligrafo-stick-1-0-stick-x-10u-surt\/#breadcrumb","itemListElement":[{"@type":"ListItem","position":1,"name":"Portada","item":"https:\/\/casaerika.com.ar\/"},{"@type":"ListItem","position":2,"name":"Tienda","item":"https:\/\/casaerika.com.ar\/?page_id=9"},{"@type":"ListItem","position":3,"name":"Bol\u00edgrafo stick 1.0 stick x 10u surt"}]},{"@type":"WebSite","@id":"https:\/\/casaerika.com.ar\/#website","url":"https:\/\/casaerika.com.ar\/","name":"Casa Erika","description":"","potentialAction":[{"@type":"SearchAction","target":{"@type":"EntryPoint","urlTemplate":"https:\/\/casaerika.com.ar\/?s={search_term_string}"},"query-input":{"@type":"PropertyValueSpecification","valueRequired":true,"valueName":"search_term_string"}}],"inLanguage":"es"}]}},"_links":{"self":[{"href":"https:\/\/casaerika.com.ar\/index.php\/wp-json\/wp\/v2\/product\/715","targetHints":{"allow":["GET"]}}],"collection":[{"href":"https:\/\/casaerika.com.ar\/index.php\/wp-json\/wp\/v2\/product"}],"about":[{"href":"https:\/\/casaerika.com.ar\/index.php\/wp-json\/wp\/v2\/types\/product"}],"replies":[{"embeddable":true,"href":"https:\/\/casaerika.com.ar\/index.php\/wp-json\/wp\/v2\/comments?post=715"}],"wp:featuredmedia":[{"embeddable":true,"href":"https:\/\/casaerika.com.ar\/index.php\/wp-json\/wp\/v2\/media\/716"}],"wp:attachment":[{"href":"https:\/\/casaerika.com.ar\/index.php\/wp-json\/wp\/v2\/media?parent=715"}],"wp:term":[{"taxonomy":"product_brand","embeddable":true,"href":"https:\/\/casaerika.com.ar\/index.php\/wp-json\/wp\/v2\/product_brand?post=715"},{"taxonomy":"product_cat","embeddable":true,"href":"https:\/\/casaerika.com.ar\/index.php\/wp-json\/wp\/v2\/product_cat?post=715"},{"taxonomy":"product_tag","embeddable":true,"href":"https:\/\/casaerika.com.ar\/index.php\/wp-json\/wp\/v2\/product_tag?post=715"}],"curies":[{"name":"wp","href":"https:\/\/api.w.org\/{rel}","templated":true}]}}